 Let x be (-284)/(-10) - (132/30 - 4). Suppose x = 2*y + 2*y - c*a, -a + 17 = y. What is the remainder when 35 is divided by y?
11
What is the remainder when 4154/10 - (517/55 + -10) is divided by 14?
10
Let c be (-3 + (-140)/(-12))/((-2)/(-42)). Suppose -c = -6*h + 34. Calculate the remainder when h is divided by 13.
10
Let x(d) = -5*d + 1. Let s be x(-1). Let z(a) = a**2 - 3*a - 4. What is the remainder when 38 is divided by z(s)?
10
Suppose 4*u - 25 + 9 = 0. Suppose 3*m = a + 6*m + 8, 4*a + u*m = 0. What is the remainder when (-11)/4*(-8)/(-11 - -13) is divided by a?
3
Let q(s) = s**2 - 11*s. Let k be q(9). Let j = -15 - k. What is the remainder when 14 is divided by j?
2
Let d(y) = 3*y + 1. What is the remainder when 944 is divided by d(7)?
20
Let j(f) = f**2 - 7*f + 8. Let z be j(6). Suppose 0 = -z*t - 2*t + 88. Suppose h - 33 = -3*h - 3*x, x = 3. What is the remainder when t is divided by h?
4
Let l = -195 - -131. Let q = l + 113. What is the remainder when 195 is divided by q?
48
Suppose 3*h + 3*t - 500 - 172 = 0, 0 = h + 5*t - 228. Calculate the remainder when h is divided by 16.
15
Suppose 70 = 2*q + 5*o, 3*q - 108 - 11 = -4*o. Let y = q + -40. Calculate the remainder when 32 is divided by y.
2
Let f(s) = s - 2. Let h = -5 - -2. Let k be f(h). What is the remainder when 44 is divided by (-7 - -2)*(2 + k)?
14
Let p = 28 + -16. Calculate the remainder when 8/(-36) + 2485/45 is divided by p.
7
Let q(i) = i**3 - 447 - 5*i + i + 441 + 5*i**2. Suppose t - 3*v - 16 = -0*v, v - 11 = -2*t. Calculate the remainder when q(-4) is divided by t.
5
Let g(k) = k**3 + 7*k**2 - 24*k - 20. Let q(x) = 2*x**2 + 18*x - 9. Let y be q(-9). What is the remainder when 98 is divided by g(y)?
30
Suppose 0 = -m - 59 + 206. What is the remainder when m is divided by 18?
3
Let i = -779 - -829. Calculate the remainder when 73 is divided by i.
23
Suppose 327*t - 2496 = 295*t. What is the remainder when t is divided by 32?
14
Suppose -3*j - 4*q = -0*q - 1631, 2*j - 1106 = 2*q. Let t = j + -340. Calculate the remainder when t is divided by 42.
41
Suppose 3*i - 28 = -2*m - i, -5*m + 70 = -4*i. What is the remainder when 18 is divided by m?
4
Suppose -1000*g = -981*g - 1026. Let m(j) = -j**2 + 12*j. Let o be 5*(1 + 1/1). What is the remainder when g is divided by m(o)?
14
Calculate the remainder when 923 is divided by 0 + 4*(-618)/(-24).
99
Let o(p) = -p**3 - p - 731*p**2 + 731*p**2 + 6. Calculate the remainder when 8 is divided by o(0).
2
Let c(k) = -2*k**2 + 21*k. Let v = 61 + -51. Calculate the remainder when 47 is divided by c(v).
7
Let n(d) = d**3 + 11*d**2 + 2*d - 35. Calculate the remainder when n(8) is divided by 8.
5
Let h = -28 - -71. Calculate the remainder when h is divided by 15.
13
Let r(c) = -c**3 + 10*c**2 - c - 15. Let v be r(8). Let n = v - 89. Calculate the remainder when n is divided by 2.
0
Let g(v) = v**3 - 2*v**2 - v. Calculate the remainder when 107 is divided by g(3).
5
Let c = -802 - -901. Let j = -4 + 29. What is the remainder when c is divided by j?
24
Suppose 24*k + 55 = 1039. What is the remainder when k is divided by 17?
7
Let n(t) = 5*t**2 - 9*t + 16. Suppose -59 = -5*z - 84. Calculate the remainder when n(z) is divided by 47.
45
Let n = 46 + -74. Let w = n + 7. Let b = -13 - w. What is the remainder when b is divided by 3?
2
Let w(n) = 5*n**3 + 41*n**2 + 3*n + 23. What is the remainder when w(-8) is divided by 15?
3
Suppose -3*p + 3 = -6, 4*c - 100 = -4*p. What is the remainder when 103 is divided by c?
15
Suppose -17*l + 13*l - 3*r = -98, -5*r = -2*l + 62. What is the remainder when l is divided by 14?
12
Calculate the remainder when -5 - (-4 + -38 - -6) is divided by 15.
1
Suppose -3*k = i - 105, 3*i + 81 = 2*k - 0*i. Suppose -g = -57 + k. What is the remainder when g is divided by 12?
9
Suppose j - 8*h - 63 = 15, -4*j - 4*h = -312. What is the remainder when 128 is divided by j?
50
Let b(g) = g**2 - g - 16. Let o be b(0). Let c = o + 37. Suppose -8 = -2*r, 0 = k + r - 4*r - 69. Calculate the remainder when k is divided by c.
18
Suppose 0 = 3*b - 0*p - 5*p + 91, 3*b + 5*p + 41 = 0. Let z = 21 + b. Let w = z + 23. Calculate the remainder when 43 is divided by w.
21
Suppose 105 = 4*u - 3*n, 0 = -4*u + n + 19 + 96. Let g(k) = -k**2 + 7*k. Let w be g(7). Suppose 3*z + 0 - u = w. What is the remainder when 29 is divided by z?
9
Let g(k) = k**2 - 7*k - 2. Let y be 2/((14/(-4))/(-7)). Let j be 172/16 - 3/y. Calculate the remainder when g(j) is divided by 8.
4
Let q(a) = -2*a**3 + 17*a**2 - 13*a - 30. Calculate the remainder when 283 is divided by q(7).
23
Let h = -8 + 8. Suppose 4*y - 5*n - 50 = h, 3*n - 10 + 4 = 0. Calculate the remainder when (0 + 2)/(6/81) is divided by y.
12
Let n(b) = -b + 3. What is the remainder when ((-36)/24)/(1/(-34)) is divided by n(-10)?
12
Suppose 3*l = 3*d + 6, 0*d = -2*d + 4. Let x(y) = -l + 12*y - 3 - 2*y**3 + y**3 - 13*y**2. What is the remainder when x(-14) is divided by 8?
5
Suppose -3*s = 18*s - 3801. What is the remainder when s is divided by 94?
87
What is the remainder when 39 is divided by 234 + -216 - 3*(-1 - 0)?
18
Suppose -51*h - 5886 = -105*h. What is the remainder when h is divided by 7?
4
Let b = -24 + 40. Suppose 0 = 2*y - 3*y + 1. What is the remainder when b is divided by (-4 - (y + -4))*-5?
1
Let x(v) = -2*v**3 + 30*v**2 + 18*v + 16. Let b be x(15). Suppose -4*i = 7*i - b. What is the remainder when i is divided by 15?
11
Let n(p) = -7*p + 49. Calculate the remainder when 111 is divided by n(6).
6
Let q = 64 + -22. Suppose -b - 4*k + q = 0, -4*b + 93 = -0*b + k. Calculate the remainder when b is divided by 6.
4
Let a = 3 + -2. Suppose -4*z + 27 = -5*p, p - 5 = -5*z + 7. Let k = z + a. What is the remainder when k is divided by 3?
1
Suppose 4*l + 149 = -15. Let s = -21 - l. Let z(k) = 5*k - 33. What is the remainder when z(14) is divided by s?
17
Let u(l) = -l**3 + 40*l**2 - 76*l + 7. Suppose 26 = 5*k - 19. Calculate the remainder when k is divided by u(38).
2
Let v(g) = 42*g**2 - g + 1. Let n(r) = 67*r**2 - 1338*r - 25. What is the remainder when v(1) is divided by n(20)?
12
Suppose -2*k = m - 0*k - 14, -4*k = -5*m. Calculate the remainder when 27 is divided by m.
3
Suppose 104 = 7*d - 3*d. Suppose -4*h + 10 + d = 0. Let f = -9130 + 9165. Calculate the remainder when f is divided by h.
8
Let c = 64 - 109. Let g = -32 - c. Calculate the remainder when 88 is divided by g.
10
Let x(o) = o**2 + 4*o - 317. What is the remainder when x(-21) is divided by 5?
0
Let i = -4 + 4. Let k = i - 7. Let j = k - -12. Calculate the remainder when 22 is divided by j.
2
What is the remainder when 124 is divided by (-4 + (-1)/(-1))*(-8)/3?
4
Calculate the remainder when (-1256)/(-40) + 7/(-5) is divided by 11.
8
Suppose -5*a = -2*m + 26, -m - 5*a + 72 = 29. What is the remainder when m is divided by 12?
11
What is the remainder when 90 is divided by (-4)/(-30) - 832/(-60)?
6
Suppose -i + 61 - 12 = 0. What is the remainder when 340 is divided by i?
46
Let z(h) = 5*h**3 - 7*h**2 - 1. Calculate the remainder when z(4) is divided by 13.
12
Let u(v) = v**3 + 10*v**2 + 10*v + 4. Suppose 0 = -h - 2 + 4. Suppose h*p + n - 59 = 0, -4*p + 109 = n - 2*n. What is the remainder when u(-7) is divided by p?
25
Suppose 316*m - 114 = 313*m. Let y(s) = 3*s**3 - s - 2. Calculate the remainder when m is divided by y(2).
18
Suppose -2*w = -3*w + 48. Calculate the remainder when w is divided by 23 + 4/(-8)*10.
12
Let o = 1414 - 1339. What is the remainder when o is divided by 37?
1
Suppose -2951 = -1591*l + 1578*l. Calculate the remainder when l is divided by 79.
69
Let b(w) = 2*w - 18. Suppose -n + h = 12 - 111, -2*n = -4*h - 194. Calculate the remainder when n is divided by b(12).
5
Let p be 163 + -1 + 2 - 18/(-9). Let n = -85 + p. Calculate the remainder when n is divided by 21.
18
Let y(q) = -q**3 - 14*q**2 - 3*q - 2. Let r(m) = -4*m**3 - 55*m**2 - 13*m - 7. Let c(i) = -2*r(i) + 9*y(i). What is the remainder when 18 is divided by c(-16)?
6
Suppose 13 = -8*y + 77. Let b be (-3)/(-3) - (2 - -3). What is the remainder when 4*(0 - 30/b) is divided by y?
6
Suppose -4*i + 9 = 2*l - 3*l, 4*i - 15 = -l. Suppose 12 = 4*a, 51 = 3*h - h - l*a. What is the remainder when h is divided by 12?
6
Suppose -160 = -l - 4*l. Suppose 4*f = c + 2*c